{"id":3128,"date":"2016-01-28T11:33:49","date_gmt":"2016-01-28T10:33:49","guid":{"rendered":"http:\/\/bst.org.pl\/?page_id=3128"},"modified":"2026-03-10T18:44:19","modified_gmt":"2026-03-10T17:44:19","slug":"aktualne-skladki","status":"publish","type":"page","link":"https:\/\/bst.org.pl\/?page_id=3128","title":{"rendered":"Aktualne sk\u0142adki"},"content":{"rendered":"\n<p>(stan na 5 III 2026)<\/p>\n\n\n\n<figure class=\"wp-block-table\"><table><tbody><tr><td><\/td><td><\/td><td>Nadp\u0142ata\/Zaleg\u0142o\u015bci<\/td><\/tr><tr><td>1<\/td><td>Bacdorf Maria<\/td><td>0<\/td><\/tr><tr><td>2<\/td><td>Ba\u0144ko-Karczewska Dorota<\/td><td>-270<\/td><\/tr><tr><td>3<\/td><td>Bara\u0144ska Miros\u0142awa<\/td><td>-280<\/td><\/tr><tr><td>4<\/td><td>Belzyt Aleksandra<\/td><td>-200<\/td><\/tr><tr><td>5<\/td><td>Bereda-Roso\u0142ek Katarzyna<\/td><td>0<\/td><\/tr><tr><td>6<\/td><td>Blok-Krampa Magdalena<\/td><td>-280<\/td><\/tr><tr><td>7<\/td><td>Bober Iwona<\/td><td>-200<\/td><\/tr><tr><td>8<\/td><td>Bober Pawe\u0142<\/td><td>-200<\/td><\/tr><tr><td>9<\/td><td>Bobkiewicz Olga Agata<\/td><td>0<\/td><\/tr><tr><td>10<\/td><td>Borowiak Magdalena<\/td><td>-200<\/td><\/tr><tr><td>11<\/td><td>Borzycki Boles\u0142aw<\/td><td>-200<\/td><\/tr><tr><td>12<\/td><td>Bro\u017cek-Sala Aleksandra<\/td><td>0<\/td><\/tr><tr><td>13<\/td><td>Brzezi\u0144ski Zdzis\u0142aw<\/td><td>0<\/td><\/tr><tr><td>14<\/td><td>Chamski Jan<\/td><td>-200<\/td><\/tr><tr><td>15<\/td><td>Danilczuk Bogna Katarzyna<\/td><td>-200<\/td><\/tr><tr><td>16<\/td><td>Dobrowolska Katarzyna<\/td><td>0<\/td><\/tr><tr><td>17<\/td><td>Do\u0142\u0119cka Aleksandra<\/td><td>-200<\/td><\/tr><tr><td>18<\/td><td>Domaracka Olga<\/td><td>0<\/td><\/tr><tr><td>19<\/td><td>Drewniok Klaudia<\/td><td>-200<\/td><\/tr><tr><td>20<\/td><td>Drozd Magdalena<\/td><td>-200<\/td><\/tr><tr><td>21<\/td><td>Dzier\u017canowska-Wasielewska Ewa<\/td><td>0<\/td><\/tr><tr><td>22<\/td><td>Epimach-Szypi\u0142\u0142o Katarzyna<\/td><td>-300<\/td><\/tr><tr><td>23<\/td><td>Ermusz Ma\u0142gorzata<\/td><td>-200<\/td><\/tr><tr><td>24<\/td><td>Fabisiak Emilia<\/td><td>0<\/td><\/tr><tr><td>25<\/td><td>Fik Grzegorz<\/td><td>-200<\/td><\/tr><tr><td>26<\/td><td>Firkowicz Eugenia<\/td><td>-200<\/td><\/tr><tr><td>27<\/td><td>Flakowska Joanna<\/td><td>0<\/td><\/tr><tr><td>28<\/td><td>Fleks Adam<\/td><td>0<\/td><\/tr><tr><td>29<\/td><td>Gancarz Dariusz<\/td><td>-200<\/td><\/tr><tr><td>30<\/td><td>Gawriilidis Maria Katarzyna<\/td><td>0<\/td><\/tr><tr><td>31<\/td><td>Gmyrek-Kowalska Marta<\/td><td>-200<\/td><\/tr><tr><td>32<\/td><td>Gorczy\u0144ska Ilona<\/td><td>-200<\/td><\/tr><tr><td>33<\/td><td>Gorczy\u0144ski Ireneusz<\/td><td>-200<\/td><\/tr><tr><td>34<\/td><td>G\u00f3rak Dorota<\/td><td>0<\/td><\/tr><tr><td>35<\/td><td>Grabarczyk Ma\u0142gorzata<\/td><td>0<\/td><\/tr><tr><td>36<\/td><td>Grabarska Renata<\/td><td>-200<\/td><\/tr><tr><td>37<\/td><td>Grotek Edyta<\/td><td>0<\/td><\/tr><tr><td>38<\/td><td>Grzona Ariadna<\/td><td>-200<\/td><\/tr><tr><td>39<\/td><td>Gumieniuk-Wawrzyniak Magdalena<\/td><td>-200<\/td><\/tr><tr><td>40<\/td><td>Guszczak Dawid<\/td><td>-200<\/td><\/tr><tr><td>41<\/td><td>Imbierowicz Ma\u0142gorzata<\/td><td>-50<\/td><\/tr><tr><td>42<\/td><td>Iwaniuk Justyna Agnieszka<\/td><td>-350<\/td><\/tr><tr><td>43<\/td><td>Janicka-Jankowska Krystyna<\/td><td>-200<\/td><\/tr><tr><td>44<\/td><td>Januszek Iryna<\/td><td>-200<\/td><\/tr><tr><td>45<\/td><td>Ju\u015b Jerzy<\/td><td>0<\/td><\/tr><tr><td>46<\/td><td>Kaczmarek Jacek<\/td><td>-200<\/td><\/tr><tr><td>47<\/td><td>Kami\u0144ska Marta<\/td><td>-200<\/td><\/tr><tr><td>48<\/td><td>Kanthak Anna<\/td><td>-200<\/td><\/tr><tr><td>49<\/td><td>Karlsson Maria<\/td><td>0<\/td><\/tr><tr><td>50<\/td><td>Kielan-Anto\u0144czak Ma\u0142gorzata<\/td><td>-200<\/td><\/tr><tr><td>51<\/td><td>Kobyzew-G\u0142adzka El\u017cbieta<\/td><td>0<\/td><\/tr><tr><td>52<\/td><td>Kocik Ewa<\/td><td>0<\/td><\/tr><tr><td>53<\/td><td>Korcz-Bomba\u0142a Irena<\/td><td>0<\/td><\/tr><tr><td>54<\/td><td>Kordas Gra\u017cyna<\/td><td>-200<\/td><\/tr><tr><td>55<\/td><td>Korniak Angelika<\/td><td>-200<\/td><\/tr><tr><td>56<\/td><td>Kot Katarzyna<\/td><td>-200<\/td><\/tr><tr><td>57<\/td><td>Kotwas Aleksandra<\/td><td>0<\/td><\/tr><tr><td>58<\/td><td>Krzemi\u0144ska-Gajzler Ewa<\/td><td>-280<\/td><\/tr><tr><td>59<\/td><td>Krzywicki Stefan Kamil<\/td><td>-200<\/td><\/tr><tr><td>60<\/td><td>Lasowski Wojciech<\/td><td>-200<\/td><\/tr><tr><td>61<\/td><td>Lemieszko Wioletta<\/td><td>0<\/td><\/tr><tr><td>62<\/td><td>Lewicka Lidia<\/td><td>0<\/td><\/tr><tr><td>63<\/td><td>Lis-Dzi\u0119gielewska Anna<\/td><td>0<\/td><\/tr><tr><td>64<\/td><td>Lukas Katarzyna<\/td><td>-200<\/td><\/tr><tr><td>65<\/td><td>Lutowska Urszula<\/td><td>0<\/td><\/tr><tr><td>66<\/td><td>\u0141uba Piotr<\/td><td>0<\/td><\/tr><tr><td>67<\/td><td>\u0141utek Magdalena<\/td><td>-200<\/td><\/tr><tr><td>68<\/td><td>Mach Marcin<\/td><td>0<\/td><\/tr><tr><td>69<\/td><td>Marchlewska El\u017cbieta<\/td><td>-200<\/td><\/tr><tr><td>70<\/td><td>Mas\u00e1r Anna<\/td><td>-200<\/td><\/tr><tr><td>71<\/td><td>Matejczuk Krystyna<\/td><td>-200<\/td><\/tr><tr><td>72<\/td><td>Matusewicz-Borchardt Maria<\/td><td>-200<\/td><\/tr><tr><td>73<\/td><td>Mazurowska Karolina<\/td><td>-200<\/td><\/tr><tr><td>74<\/td><td>Melnychenko Inesa<\/td><td>-200<\/td><\/tr><tr><td>75<\/td><td>Micewicz Pawe\u0142<\/td><td>-200<\/td><\/tr><tr><td>76<\/td><td>Mikulska Aneta<\/td><td>-200<\/td><\/tr><tr><td>77<\/td><td>Moskal Ryszard<\/td><td>-200<\/td><\/tr><tr><td>78<\/td><td>Mrzyg\u0142\u00f3d \u0141ukasz<\/td><td>0<\/td><\/tr><tr><td>79<\/td><td>Nanowska Ewa<\/td><td>-200<\/td><\/tr><tr><td>80<\/td><td>Nanowska-Szmyt Ewa<\/td><td>-200<\/td><\/tr><tr><td>81<\/td><td>Nather-Kowalewska Aleksandra<\/td><td>-200<\/td><\/tr><tr><td>82<\/td><td>Nosorowska Ma\u0142gorzata<\/td><td>-200<\/td><\/tr><tr><td>83<\/td><td>Olejnik Izabela<\/td><td>-200<\/td><\/tr><tr><td>84<\/td><td>Opieszy\u0144ska-Nag\u00f3rka Maria<\/td><td>-300<\/td><\/tr><tr><td>85<\/td><td>Paku\u0142a-Pia\u015bcik Marzena<\/td><td>0<\/td><\/tr><tr><td>86<\/td><td>Papiernik Weronika<\/td><td>0<\/td><\/tr><tr><td>87<\/td><td>Pazdur Mateusz<\/td><td>-200<\/td><\/tr><tr><td>88<\/td><td>Piasecki Rafa\u0142<\/td><td>-200<\/td><\/tr><tr><td>89<\/td><td>Pikiel Sylwia<\/td><td>0<\/td><\/tr><tr><td>90<\/td><td>Popowska Magdalena<\/td><td>-200<\/td><\/tr><tr><td>91<\/td><td>Poszumska Liliana<\/td><td>-200<\/td><\/tr><tr><td>92<\/td><td>Przyby\u0142owska Gvantsa<\/td><td>-200<\/td><\/tr><tr><td>93<\/td><td>Radtke Agata<\/td><td>0<\/td><\/tr><tr><td>94<\/td><td>Rajewska Alicja<\/td><td>-200<\/td><\/tr><tr><td>95<\/td><td>Ratajski&nbsp;Remigiusz<\/td><td>-200<\/td><\/tr><tr><td>96<\/td><td>Rogi\u0144ska-Sobu\u015b Barbara<\/td><td>-200<\/td><\/tr><tr><td>97<\/td><td>Saczek Andrzej<\/td><td>-300<\/td><\/tr><tr><td>98<\/td><td>Skibicka Joanna<\/td><td>-200<\/td><\/tr><tr><td>99<\/td><td>Stajewska Anna<\/td><td>-200<\/td><\/tr><tr><td>100<\/td><td>Stajewska Ada<\/td><td>-200<\/td><\/tr><tr><td>101<\/td><td>St\u0119pie\u0144 Mariusz<\/td><td>0<\/td><\/tr><tr><td>102<\/td><td>Suchodolski Zbigniew<\/td><td>0<\/td><\/tr><tr><td>103<\/td><td>Szaban Katarzyna<\/td><td>-200<\/td><\/tr><tr><td>104<\/td><td>Szachta Anna<\/td><td>-200<\/td><\/tr><tr><td>105<\/td><td>Szalsza Marek<\/td><td>-200<\/td><\/tr><tr><td>106<\/td><td>Szatkowska-Jasku\u0142a Dorota<\/td><td>-200<\/td><\/tr><tr><td>107<\/td><td>Szefler Tadeusz<\/td><td>0<\/td><\/tr><tr><td>108<\/td><td>Szymaniak Monika<\/td><td>-200<\/td><\/tr><tr><td>109<\/td><td>\u015acibiwo\u0142k Ma\u0142gorzata<\/td><td>-200<\/td><\/tr><tr><td>110<\/td><td>\u015acis\u0142owicz Kamila<\/td><td>-200<\/td><\/tr><tr><td>111<\/td><td>Talarczyk Ma\u0142gorzata<\/td><td>-200<\/td><\/tr><tr><td>112<\/td><td>Tomsia Bo\u017cena<\/td><td>-200<\/td><\/tr><tr><td>113<\/td><td>Trojanowska Monika<\/td><td>0<\/td><\/tr><tr><td>114<\/td><td>Unterschuetz Alicja<\/td><td>-200<\/td><\/tr><tr><td>115<\/td><td>Waluk-Jaguszewska El\u017cbieta<\/td><td>-200<\/td><\/tr><tr><td>116<\/td><td>Warga Jacek<\/td><td>-200<\/td><\/tr><tr><td>117<\/td><td>Wencel Anna<\/td><td>-200<\/td><\/tr><tr><td>118<\/td><td>Wierzba Krzysztof<\/td><td>-200<\/td><\/tr><tr><td>119<\/td><td>Zaleszkiewicz Maria<\/td><td>-200<\/td><\/tr><tr><td>120<\/td><td>Zalewska Danuta<\/td><td>-200<\/td><\/tr><tr><td>121<\/td><td>Zawi\u015blak Danuta<\/td><td>-200<\/td><\/tr><\/tbody><\/table><\/figure>\n","protected":false},"excerpt":{"rendered":"<p>(stan na 5 III 2026) Nadp\u0142ata\/Zaleg\u0142o\u015bci 1 Bacdorf Maria 0 2 Ba\u0144ko-Karczewska Dorota -270 3 Bara\u0144ska Miros\u0142awa -280 4 Belzyt Aleksandra -200 5 Bereda-Roso\u0142ek Katarzyna 0 6 Blok-Krampa Magdalena -280 7 Bober Iwona -200 8 Bober Pawe\u0142 -200 9 Bobkiewicz Olga Agata 0 10 Borowiak Magdalena -200 11 Borzycki Boles\u0142aw -200 12 Bro\u017cek-Sala Aleksandra 0 [&hellip;]<\/p>\n","protected":false},"author":1,"featured_media":0,"parent":0,"menu_order":0,"comment_status":"closed","ping_status":"closed","template":"","meta":{"_exactmetrics_skip_tracking":false,"_exactmetrics_sitenote_active":false,"_exactmetrics_sitenote_note":"","_exactmetrics_sitenote_category":0,"footnotes":""},"class_list":["post-3128","page","type-page","status-publish","hentry"],"_links":{"self":[{"href":"https:\/\/bst.org.pl\/index.php?rest_route=\/wp\/v2\/pages\/3128","targetHints":{"allow":["GET"]}}],"collection":[{"href":"https:\/\/bst.org.pl\/index.php?rest_route=\/wp\/v2\/pages"}],"about":[{"href":"https:\/\/bst.org.pl\/index.php?rest_route=\/wp\/v2\/types\/page"}],"author":[{"embeddable":true,"href":"https:\/\/bst.org.pl\/index.php?rest_route=\/wp\/v2\/users\/1"}],"replies":[{"embeddable":true,"href":"https:\/\/bst.org.pl\/index.php?rest_route=%2Fwp%2Fv2%2Fcomments&post=3128"}],"version-history":[{"count":127,"href":"https:\/\/bst.org.pl\/index.php?rest_route=\/wp\/v2\/pages\/3128\/revisions"}],"predecessor-version":[{"id":5149,"href":"https:\/\/bst.org.pl\/index.php?rest_route=\/wp\/v2\/pages\/3128\/revisions\/5149"}],"wp:attachment":[{"href":"https:\/\/bst.org.pl\/index.php?rest_route=%2Fwp%2Fv2%2Fmedia&parent=3128"}],"curies":[{"name":"wp","href":"https:\/\/api.w.org\/{rel}","templated":true}]}}